y) = 6*y. Suppose 0 = 5*i - 28 - 12. What is the remainder when x(i) is divided by 25?
23
Calculate the remainder when 29/2 + 1/2 is divided by (-28)/(-14) + 2*2.
3
Let j(u) be the first derivative of -25*u**2/2 + u + 2. Let k(r) = -r**3 + 7*r**2 - 6*r + 7. Calculate the remainder when j(-1) is divided by k(6).
5
Suppose n - 8 - 7 = 0. Let f = n + -9. Suppose f*u = u + 100. What is the remainder when u is divided by 7?
6
Suppose 0 = b + 3*b + 28. What is the remainder when 45 is divided by 166/7 + (-2)/b?
21
Suppose 0 = -f - 0*f + 12. What is the remainder when (76/f)/(2/6) is divided by 11?
8
Suppose b = -u + 8 + 32, -5*b + 156 = 4*u. Calculate the remainder when u is divided by ((-44)/8 - -5)*-30.
14
Suppose -3*u = 2*u + 90. Let t be (u/(-15))/((-6)/40). Calculate the remainder when ((-35)/(-14))/((-2)/t) is divided by 4.
2
Suppose -6 + 4 = -t. Suppose -3*j + 6*j = 15. Calculate the remainder when j is divided by t.
1
Let u = 140 + -133. What is the remainder when 18 is divided by u?
4
What is the remainder when 44 is divided by (1 + (-10)/6)*(-37 + 19)?
8
Suppose -135 = -3*y + 8*y. Suppose 9*h - 6*h + 45 = 0. Let j = h - y. Calculate the remainder when 23 is divided by j.
11
Let l(f) = f**3 - 3*f**2 + 2*f - 2. What is the remainder when 7 is divided by l(3)?
3
Let d(i) = i**3 - 10*i**2 + i - 8. Let z be d(10). Suppose 6 - 4 = -3*t + 5*p, z*t + 4 = 4*p. Calculate the remainder when 15 is divided by t.
3
Let c(z) = z**3 + 12*z**2 + 10*z + 10. What is the remainder when 82 is divided by c(-11)?
19
Suppose 0 = 5*v - 5, p = 4*v - 2*v. Suppose 2*u + p = 18. What is the remainder when -2 + (4*-8)/(-2) is divided by u?
6
Suppose 0 = 5*a + g - 46, 5*g - 10 = -7*a + 4*a. Calculate the remainder when a is divided by (2 - (-1 + 1))/(26/78).
4
Let i = 4 - 0. Suppose i*k - 143 = -7. What is the remainder when k is divided by 12?
10
Let n(m) = m - 2. Let x be n(4). Let o = 5 + x. Calculate the remainder when 25 is divided by o.
4
Let c(y) = 2*y + 111. Calculate the remainder when c(0) is divided by 28.
27
Let p(x) = x**2 + 7*x - 39. What is the remainder when 103 is divided by p(-12)?
19
Let g = -21 + 45. What is the remainder when 119 is divided by g?
23
Suppose 0 = r + 2, -2*i - 221 = -7*i - 2*r. Calculate the remainder when 224 is divided by i.
44
Suppose -g + 25 - 1 = -5*a, 3*g - 46 = 2*a. Calculate the remainder when 23 is divided by g.
9
Let m be 2/12 - 14/84. Let x = m - -24. What is the remainder when 69 is divided by x?
21
Let f = 35 + -12. Calculate the remainder when f is divided by 8.
7
Suppose 3*n - 2 = 1. Suppose -f = -45 - n. Suppose 3*z + z = 64. What is the remainder when f is divided by z?
14
Suppose -10*f + 18 = -9*f. Suppose u = 4*u, -2*u = -2*l + 14. What is the remainder when f is divided by l?
4
Suppose 6*g = 2*g + 12. Suppose -5*d = -j - 45, g = 2*d - d + j. Calculate the remainder when 15 is divided by d.
7
Suppose 4*x - 10 = -x. Suppose 120 = 4*f + n, 4*n + 90 = x*f + f. What is the remainder when f is divided by 8?
6
What is the remainder when 140/8*(-12)/(-6) is divided by 13?
9
Suppose 0 = -2*r + 6*r - 20. Calculate the remainder when 8 is divided by r.
3
Let u(f) = -21*f + 1. Let j be -1*1 + 3/(-3). Suppose -5*i - 19 = -129. Calculate the remainder when u(j) is divided by i.
21
Suppose -22 - 23 = -5*l. Let v = 31 + -16. Calculate the remainder when v is divided by l.
6
Suppose -2*q - 12 = -58. Calculate the remainder when 45 is divided by q.
22
Let l(y) = -y**3 + 3*y**2 - 3*y + 4. Let s be l(3). Let w = 7 + s. Suppose -b = 4*i + 3*b - 4, 2*b = -6. What is the remainder when i is divided by w?
0
Let g be (3 - 3/3) + 0. Suppose g*r - 2*v = -v + 21, -r = -3*v - 13. Calculate the remainder when r is divided by 6.
4
Let y(l) = -2*l - 2 + 0*l + 2. Let w be y(-2). Suppose 0*o - 40 = -2*x + 4*o, o - 44 = -w*x. What is the remainder when 34 is divided by x?
10
Let o = 65 - 37. What is the remainder when o*2/((-16)/(-10)) is divided by 12?
11
Suppose -a + 2*q - 11 = -27, 0 = 2*a - 5*q - 35. Calculate the remainder when 79 is divided by a.
9
Suppose r - 2*r = 0. Suppose 0 = -p - p - 4*m + 94, -4*m + 20 = r. Calculate the remainder when p is divided by 13.
11
Let o(q) = -q + 3*q + 0*q - q. Let w be o(2). Suppose -d + 39 = w*d. Calculate the remainder when 25 is divided by d.
12
Let n(d) = -3*d + 1. Suppose 0 = 3*p - 9 - 3. Suppose 4*g + p = -0. What is the remainder when 7 is divided by n(g)?
3
Let a = -237 + 371. What is the remainder when a is divided by 34?
32
Let y(f) = -f + 10. Let g be y(8). Let o be (4/8)/(g/8). Suppose -2*a - 23 = -o*w - 5*a, 5*w - 54 = -4*a. Calculate the remainder when 37 is divided by w.
7
Suppose -5*m - 5*l = -155, 2*l + 49 = 5*m - 78. Suppose i + m = 4*i. Let f(k) = k**2 + k + 6. What is the remainder when f(-5) is divided by i?
8
Let k = 72 - 64. Calculate the remainder when 33 is divided by k.
1
Suppose -3*t = -3*c - 15, t - 17 = 4*c + c. Let k = 22 + -12. Calculate the remainder when 1/c*(-109 + -2) is divided by k.
7
Suppose 38 = 2*n - 5*v, 0 = 4*n + 3*v + 2*v - 136. Let s = n + -1. Suppose -2*r - 10 = -s. What is the remainder when r is divided by 5?
4
Suppose 6 = -0*r - r. Let j = 8 + r. Suppose 3*u - h - 15 = 0, -6 = -3*u - 4*h + j*h. Calculate the remainder when 6 is divided by u.
2
Let q be (-14)/63 - (-362)/9. Let s = -25 + q. What is the remainder when s is divided by 8?
7
Calculate the remainder when 165/3 + 0 + 0 is divided by 29.
26
Suppose 0 = -5*v + 44 + 51. Suppose 0 = -3*o + 2*g + 3*g + v, g + 9 = o. Let k = 409 - 372. What is the remainder when k is divided by o?
11
Suppose -6*h - 30 = -9*h. What is the remainder when 11 is divided by h?
1
Let y = 1 - 3. What is the remainder when 712/24 - y/(-3) is divided by 15?
14
Let z = 26 - 2. Calculate the remainder when z is divided by -35*(-4 + 133/35).
3
Suppose -j = -4 - 1. Suppose 0*w + 60 = j*w. What is the remainder when 33 is divided by w?
9
Suppose 15 = -7*h + 57. Calculate the remainder when h is divided by 3.
0
Let c = -218 + 224. Calculate the remainder when (-8)/(-12) + 46/3 is divided by c.
4
Let d = -2 + 23. Calculate the remainder when d is divided by 12.
9
Let h(c) = -11*c - 7. Let j(r) = -6*r - 3. Let p(b) = -2*h(b) + 5*j(b). Let w = 143 + -98. What is the remainder when w is divided by p(-3)?
22
Suppose 56 = -21*u + 23*u. Calculate the remainder when u is divided by 6.
4
Suppose -16 = 2*h - 4*k - 4, -3*k = -15. Suppose 3*g - 39 = 4*c, h*g + 3*c - 22 = 55. Calculate the remainder when g is divided by (1/(-2))/((-2)/24).
5
Suppose -4*s + 23 = -17. What is the remainder when 41 is divided by (4/s)/((-2)/(-110))?
19
Let l(d) = 3*d + 3. Let f(x) = x**3 - 5*x**2 - 7. What is the remainder when f(6) is divided by l(4)?
14
Suppose -3 = a - 5. Suppose -268 = -3*x - 4*q, -a*q = -3*x - 4*q + 272. Suppose 0 = -5*p + x + 33. What is the remainder when 74 is divided by p?
24
Let h = -13 + 18. Suppose 0 = 2*u + 2*u + 36. Let s = u + 17. What is the remainder when s is divided by h?
3
Suppose -4*v + 234 = 9*v. Calculate the remainder when 33 is divided by v.
15
Let d = 12 + -3. Let j be 65/10 + (-6)/4. Suppose -4*h + 11 = f - 18, -3*h + d = j*f. What is the remainder when 15 is divided by h?
7
Let u(z) = -15*z - 80. Calculate the remainder when u(-7) is divided by 13.
12
Suppose -5*x = 4 - 29. Let m(r) = r**2 - 8*r + 1. Let t(d) = 4*d**2 - 33*d + 3. Let y(n) = -9*m(n) + 2*t(n). Calculate the remainder when 2 is divided by y(x).
0
Suppose -27 = -4*h - q, 2*h + 3*h = -3*q + 25. Suppose i - h = 3. What is the remainder when i is divided by 4?
3
Suppose -2*m - 218 = -5*n + 2*m, 0 = -2*n - 2*m + 80. Let d(l) = -10*l + 2. Calculate the remainder when n is divided by d(-2).
20
What is the remainder when ((-12)/(-3))/4*41 is divided by 11?
8
Let p(b) = -4*b - 5. Let k be p(7). What is the remainder when k/(-2) + (-6)/4 is divided by 9?
6
Let k be (1 - -1) + 0 + 60. Suppose q - k = -3*z + 3*q, 2*z = -3*q + 37. Suppose -o + 2*o = 58. Calculate the remainder when o is divided by z.
18
Suppose 5*i = 3*b - 7*b + 24, -5*i - 3*b + 23 = 0. Calculate the remainder when (-4 - -16) + -2 + 1 is divided by i.
3
Suppose 5*b = w - 13, 3*b - 2*w + 3 + 2 = 0. What is the remainder when 13 is divided by b - (-14 - 6/(-2))?
5
Let o be (-1)/(-1 + 0) + 1. Let s(v) = -o*